*c + 38. Let w be m(-16). Let v(y) = 25*y - 15. What are the prime factors of v(w)?
3, 5
Let k(n) = n**3 + 4*n**2 - 6*n + 4. Let p be k(-5). What are the prime factors of 6/p + (-319)/(-3) - 0?
107
Suppose -5*l - 11*l = -33728. List the prime factors of l.
2, 17, 31
Suppose 3*x - 17 = 49. Let w(y) = 9*y - 28. What are the prime factors of w(x)?
2, 5, 17
Suppose 5*m + 243 = 1678. List the prime factors of m.
7, 41
Let o(m) = 243*m - 61. List the prime factors of o(3).
2, 167
Let j(s) = -3*s - 9. Let k(b) = -71*b**3 + b. Let w be k(1). Let r be (-20)/w + 116/(-14). List the prime factors of j(r).
3, 5
Let g(w) = 51*w + 994. What are the prime factors of g(0)?
2, 7, 71
Let m = -28 + 80. Suppose 4*v + 2*y = -m, 0 = 2*v - 3*y - 0*y + 18. Let z = v + 33. What are the prime factors of z?
3, 7
Suppose -497 = 7*v - 3094. List the prime factors of v.
7, 53
Let w = 31 - 29. Suppose -333 = -5*l - 4*a, 3*l + w*a - 132 = l. What are the prime factors of l?
3, 23
Let z(f) be the first derivative of f**4/2 - 4*f**3/3 + f**2/2 - 4*f + 3. Let t be z(3). Let n = t - -16. List the prime factors of n.
3, 11
Let c(l) be the second derivative of -l**4/12 - l**3/6 + 2*l**2 + 5*l. Let d be c(0). List the prime factors of (d/(-5))/((-24)/180).
2, 3
Let g(l) be the first derivative of 4*l**3/3 + 9*l**2/2 + 7*l - 11. What are the prime factors of g(-6)?
97
Let f(r) = r**3 + 2*r**2 - 3*r - 3. Let j be f(-2). Suppose -6 = 5*u - j*w + 15, 5*u + 7 = -4*w. Let q = u + 5. What are the prime factors of q?
2
Let b = 4598 - 2860. What are the prime factors of b?
2, 11, 79
Suppose -4*g = -2*p - 724, 3*p + 591 = 4*g - 505. Let m = p + 546. What are the prime factors of m?
2, 3, 29
Let w(a) = -19*a - 2. Let f(z) = -5*z + 5. Let i be f(2). Let s be w(i). Let u = s + -51. List the prime factors of u.
2, 3, 7
Let c(n) = -12*n**3 + 7*n**2 + 24*n + 18. What are the prime factors of c(-4)?
2, 401
Suppose 3*v + 678*l = 683*l + 9256, -l = 5. List the prime factors of v.
17, 181
What are the prime factors of 1*98*(-690)/(-60)?
7, 23
Suppose 12*z = 17*z + 1045. Let w = z - -464. What are the prime factors of w?
3, 5, 17
Let o(w) = -195*w**3 - 3*w**2 - w + 1. List the prime factors of o(-1).
2, 97
Let j(b) = 118*b - 140. List the prime factors of j(20).
2, 3, 5, 37
Let m(h) = h**3 + 10*h**2 - 11*h + 2. Let l be m(-11). Let a = l + 8. What are the prime factors of (-27 - -1)/((-5)/a)?
2, 13
Let x(a) = -3*a**2 + 124*a + 155. What are the prime factors of x(33)?
2, 5, 7
Let h be (-694)/((-55)/(-10) - 5). What are the prime factors of h/(-9) - (-14)/(-63)?
2, 7, 11
Let m(b) be the third derivative of -b**4/4 + 91*b**3/6 + b**2 + 34*b. List the prime factors of m(8).
43
Let b(q) be the third derivative of q**6/120 - q**5/60 - q**4/8 - 5*q**3/3 - 13*q**2. List the prime factors of b(5).
3, 5
Let b be 6/(-9) + (-26)/6. Let f be (20/(-12))/b*9. Let p = 32 + f. List the prime factors of p.
5, 7
Suppose -6 = 2*u, -73 = -3*w - w - 5*u. Suppose -6*z + 274 = w. List the prime factors of z.
2, 3, 7
Let c(i) = -i**2 + 8*i + 2. Suppose 4*d + 28 = -w - w, -d + 23 = -2*w. Let p = w + 18. What are the prime factors of c(p)?
2, 7
Let n(q) = 2*q**2 + 3*q - 1. Let d be (-2)/(-3)*(1 - -2). Suppose a - 3 = -2*o - d, -3*a = o - 8. What are the prime factors of n(a)?
2, 13
Let k = -12 - -4. Let b(w) = -2*w - 12. Let i be b(k). Let z = 17 + i. What are the prime factors of z?
3, 7
Suppose l + 0*l = -10. Let m(p) = -p**2 - 26*p - 13. What are the prime factors of m(l)?
3, 7
Suppose 0 = 65*p - 69*p + 20360. List the prime factors of p.
2, 5, 509
Let d be 8*(-1 + 3/2). Suppose 6*t - 3*t = 3*k + 72, 2*k + d = 0. Suppose -3*g + t = -g. List the prime factors of g.
11
Let u(x) = 3*x**2 + 7*x + 7. Let r = -34 + 29. Let s(y) = 6*y**2 + 14*y + 14. Let q(m) = r*u(m) + 3*s(m). List the prime factors of q(-6).
73
Suppose 1 = -o - 5*p - 19, o + 15 = -4*p. Suppose 4*v + o*a - a = 44, 5*v - 54 = -4*a. List the prime factors of v.
2, 5
Let v(l) = 21*l**2 - 17*l - 16. Let u(r) = -5*r**2 + 4*r + 4. Let f(p) = -9*u(p) - 2*v(p). What are the prime factors of f(2)?
2
Let a be (-5 - -2)/(7/7). Let z = 10 + a. Suppose 39 = 4*o + z. List the prime factors of o.
2
Let k(a) = a**2 - 13*a - 9. Let m be k(14). Suppose -m*t + t + 336 = 0. List the prime factors of t.
2, 3, 7
Let w(i) = -i**3 + 8*i**2 + 10*i - 3. Let p be w(9). Suppose -p*n = -309 + 87. What are the prime factors of n?
37
Suppose -5*g - 546 = q, g - 4*q + 118 = -2*q. Let m = g + 163. What are the prime factors of m?
53
Suppose -3*q - 5*d + 0*d = -2, -q + 4*d = -29. Let g be q/((-27)/6) + 51. Suppose 19 = 4*i - g. What are the prime factors of i?
17
Suppose -d + 4*d = 0. Suppose -1 = -3*r - 3*s + 11, 3*r = -5*s + 12. Suppose -5*c + c = 3*o - 36, r*o = d. What are the prime factors of c?
3
Suppose -12*k = -11*k. Let q = 2 - k. Let i = q + 1. What are the prime factors of i?
3
Let m = 1145 - -231. What are the prime factors of m?
2, 43
Let g = 29 - 12. Suppose 2*o - 14 = -3*y, -2*y + 5*y = -5*o + g. List the prime factors of (-1)/(o/(-12) - 0).
2, 3
Suppose -8*s = -23 - 1. Suppose s*u + 66 = 4*u. What are the prime factors of u?
2, 3, 11
Let c be (1/((-3)/10))/(4/180). Let t = 286 + c. List the prime factors of t.
2, 17
List the prime factors of (2824/(-6))/((-1)/3*2).
2, 353
Let m = 3963 - 198. List the prime factors of m.
3, 5, 251
Suppose t - 34 = -4*h + 22, 2*t + 8 = 0. Suppose -66 = -y + h. Let k = -36 + y. What are the prime factors of k?
3, 5
Let g(w) = w**2 + 7*w - 3. Let x be g(-7). Let r be ((-684)/(-2))/2 + x. Suppose 7*c - r = c. What are the prime factors of c?
2, 7
Suppose -3*h - 8 = -4*s - h, -4*s + 10 = -3*h. Suppose -p - 1 = -4*z, -4*z = -5*p + s - 6. What are the prime factors of p/((-3)/81) - 1?
2, 13
Let y(r) = 25*r + 31. Let a be y(-6). Let t = 176 + a. List the prime factors of t.
3, 19
Let j be -27*(0 - 2/2). Let v = j - 11. Suppose 0 = -4*a + 16, -4*q - a + 60 = v. What are the prime factors of q?
2, 5
Let m be 2/(-3)*918/2. Let f = m + 435. What are the prime factors of f?
3, 43
Suppose 98 = 2*n + 2*t, -3*t + 8 = t. Let f = 127 - n. Suppose 2*v = -0*v - 2*u + 28, 4*v - 4*u = f. List the prime factors of v.
17
Let v(d) = -5*d - 2. Let n be v(-2). List the prime factors of ((-118)/n)/(1/(-4)).
59
Let l(n) = -2*n**3 + n**2 + 5*n + 2. Let h be l(-4). Let s = h - 81. List the prime factors of s.
3, 5
Let i = 3 + -8. Let w = -8 - i. What are the prime factors of (-123)/(-3) + (-2 - w)?
2, 3, 7
Let q(n) = 17*n**2 + 3*n + 28. What are the prime factors of q(-5)?
2, 3, 73
Let a = -45 - -21. Let s be (54/a)/((-6)/16). List the prime factors of 112/6 - 4/s.
2, 3
Suppose 3*l + 4*f = -65, 2*l + 6 + 36 = -3*f. Let z = l + 34. Let u(v) = 3*v - 9. List the prime factors of u(z).
2, 3
What are the prime factors of 1065*64/(-48)*(-3)/10?
2, 3, 71
Let o(f) = -f**2 + 16*f - 11. Let d be o(15). List the prime factors of (6 - d)/(1/38).
2, 19
Suppose 4*g + 2436 = 4*i, 0*i - g - 1829 = -3*i. List the prime factors of i.
2, 5, 61
Let d = 7 - 5. Suppose -p - 1 = w + 2*w, 4*w = -d*p. Suppose 2*s - 10 = -v, 2*v = -s - p*s + 25. List the prime factors of v.
2, 5
Suppose -d - 38 = 5*g, 5*d = -2*g - 2*g - 169. Let l = -20 - d. List the prime factors of l.
13
Suppose 0*q - 2485 = -5*q. What are the prime factors of q?
7, 71
Suppose 24 = 31*f - 28*f. List the prime factors of 1 + -2 - f/(-12)*249.
3, 5, 11
Suppose -196 = 4*g + 3*g. What are the prime factors of 16/6*-3*g/8?
2, 7
Suppose 2*k + 5*c = -0*k + 705, -3*c = -3*k + 1026. Suppose -2*s + 7*s = -5*m + k, 2*s - 5*m - 110 = 0. List the prime factors of s.
5, 13
List the prime factors of (15/60*10)/(5/1572).
2, 3, 131
Let g(q) = 3*q**2 - 4*q + 3. Let s be g(2). Let y(n) = 3*n - n**2 - 4*n - 2 + s*n**2. List the prime factors of y(2).
2, 5
Suppose -2*s + 3*n + 504 = -8277, 0 = -3*s - 3*n + 13194. What are the prime factors of s?
3, 5, 293
Let v be (1 - 5)/(3/6). Let c(w) = 13*w - 294. Let p be c(23). List the prime factors of (p - (-4 - v))*67.
67
Suppose 0 = -4*n + 4 + 8. Let c(g) = 3*g**3 - 4*g**2 + g + 4. What are the prime factors of c(n)?
2, 13
Let f(x) = -x**3 - x**2 + 8*x + 2. Let j be f(4). Let a = j + 160. Suppose 0 = -2*q + 5*y + a, -4*y = -5*q - 2*y + 264. List the prime factors of q.
2, 13
Suppose 0 = -4*a - 20, -z + 6*z + 